the ten millions digit of 115393856?
1
What is the hundred millions digit of 785466512?
7
What is the ten thousands digit of 574441680?
4
What is the tens digit of 91729118?
1
What is the hundred thousands digit of 32621677?
6
What is the ten millions digit of 2222817705?
2
What is the ten thousands digit of 578215494?
1
What is the hundreds digit of 70024602?
6
What is the millions digit of 579006370?
9
What is the hundred thousands digit of 49785450?
7
What is the tens digit of 31278416?
1
What is the thousands digit of 1205563715?
3
What is the tens digit of 4300635?
3
What is the hundreds digit of 12387376?
3
What is the tens digit of 16172951?
5
What is the hundreds digit of 60149166?
1
What is the hundred millions digit of 303859514?
3
What is the tens digit of 2327437646?
4
What is the thousands digit of 394503600?
3
What is the tens digit of 581526238?
3
What is the thousands digit of 1899832848?
2
What is the billions digit of 2312516401?
2
What is the ten thousands digit of 85214015?
1
What is the millions digit of 84101254?
4
What is the ten millions digit of 5786727580?
8
What is the hundreds digit of 3154093775?
7
What is the ten thousands digit of 47388249?
8
What is the hundreds digit of 66474868?
8
What is the ten thousands digit of 435262160?
6
What is the millions digit of 65458952?
5
What is the thousands digit of 1520553855?
3
What is the hundred thousands digit of 384948458?
9
What is the units digit of 51681057?
7
What is the tens digit of 165076469?
6
What is the millions digit of 111553753?
1
What is the ten millions digit of 235554960?
3
What is the hundred thousands digit of 108842659?
8
What is the tens digit of 223920389?
8
What is the hundred thousands digit of 293960104?
9
What is the ten millions digit of 818619078?
1
What is the hundreds digit of 2212672320?
3
What is the hundred millions digit of 1217068386?
2
What is the billions digit of 1467270182?
1
What is the ten millions digit of 81317813?
8
What is the thousands digit of 108291989?
1
What is the millions digit of 151527889?
1
What is the units digit of 40590844?
4
What is the hundreds digit of 318845515?
5
What is the hundred thousands digit of 55677960?
6
What is the units digit of 248229313?
3
What is the hundreds digit of 78096522?
5
What is the units digit of 79872525?
5
What is the tens digit of 32083840?
4
What is the billions digit of 3310618080?
3
What is the hundred thousands digit of 50260289?
2
What is the ten millions digit of 2958707028?
5
What is the units digit of 322369856?
6
What is the thousands digit of 40993817?
3
What is the hundred millions digit of 865467386?
8
What is the ten thousands digit of 609972504?
7
What is the millions digit of 1219175220?
9
What is the hundred thousands digit of 1638478963?
4
What is the millions digit of 1302448007?
2
What is the tens digit of 50703792?
9
What is the ten thousands digit of 123419186?
1
What is the ten millions digit of 1675724422?
7
What is the hundred thousands digit of 66134167?
1
What is the ten millions digit of 99145639?
9
What is the tens digit of 70530547?
4
What is the hundreds digit of 187038367?
3
What is the units digit of 4729617714?
4
What is the hundreds digit of 78837511?
5
What is the hundred thousands digit of 17668017?
6
What is the ten thousands digit of 23435501?
3
What is the units digit of 12033042?
2
What is the hundreds digit of 65144039?
0
What is the millions digit of 35876946?
5
What is the millions digit of 18462920?
8
What is the units digit of 853588797?
7
What is the hundred millions digit of 225027060?
2
What is the tens digit of 6503170?
7
What is the millions digit of 669045775?
9
What is the tens digit of 1938978978?
7
What is the hundred millions digit of 403664196?
4
What is the hundred millions digit of 5131622373?
1
What is the hundred thousands digit of 2185895156?
8
What is the tens digit of 444358503?
0
What is the tens digit of 4343071097?
9
What is the thousands digit of 139584111?
4
What is the thousands digit of 28836053?
6
What is the hundred thousands digit of 40334721?
3
What is the hundred thousands digit of 131982110?
9
What is the hundred thousands digit of 182739030?
7
What is the ten thousands digit of 5991076?
9
What is the hundreds digit of 663827048?
0
What is the tens digit of 178436994?
9
What is the hundred millions digit of 126648437?
1
What is the units digit of 19066672?
2
What is the ten thousands digit of 61213319?
1
What is the hundred millions digit of 904279699?
9
What is the tens digit of 21628683?
8
What is the hundred thousands digit of 123535652?
5
What is the tens digit of 537116252?
5
What is the hundred millions digit of 107177814?
1
What is the hundreds digit of 99618481?
4
What is the billions digit of 4686587685?
4
What is the millions digit of 557922501?
7
What is the millions digit of 25254112?
5
What is the hundred thousands digit of 489942126?
9
What is the ten thousands digit of 517311135?
1
What is the hundred thousands digit of 127674744?
6
What is the hundreds digit of 1644276965?
9
What is the ten millions digit of 113070071?
1
What is the ten millions digit of 241528040?
4
What is the hundred thousands digit of 35052822?
0
What is the tens digit of 105608524?
2
What is the hundred thousands digit of 469130215?
1
What is the millions digit of 589819809?
9
What is the hundreds digit of 9949329?
3
What is the thousands digit of 86805871?
5
What is the millions digit of 383253703?
3
What is the thousands digit of 88988734?
8
What is the billions digit of 1228921954?
1
What is the hundred millions digit of 1177060937?
1
What is the hundreds digit of 54699663?
6
What is the hundred thousands digit of 335196135?
1
What is the ten thousands digit of 1392943519?
4
What is the units digit of 36369713?
3
What is the units digit of 483551547?
7
What is the hundreds digit of 12063050?
0
What is the hundred millions digit of 153676800?
1
What is the tens digit of 2875986?
8
What is the tens digit of 801511174?
7
What is the ten thousands digit of 43430458?
3
What is the units digit of 804419469?
9
What is the millions digit of 625010301?
5
What is the units digit of 28880862?
2
What is the ten thousands digit of 46967052?
6
What is the hundred millions digit of 196752112?
1
What is the hundred millions digit of 947480658?
9
What is the tens digit of 10689919?
1
What is the millions digit of 920365725?
0
What is the hundred thousands digit of 10975067?
9
What is the units digit of 809082063?
3
What is the ten thousands digit of 41145377?
4
What is the thousands digit of 463040386?
0
What is the ten millions digit of 1938090097?
3
What is the units digit of 104492250?
0
What is the hundred thousands digit of 155030888?
0
What is the hundreds digit of 80064359?
3
What is the millions digit of 1176625?
1
What is the ten millions digit of 1344670292?
4
What is the units digit of 5501494345?
5
What is the tens digit of 3205841605?
0
What is the hundreds digit of 46928537?
5
What is the ten millions digit of 130555739?
3
What is the ten millions digit of 1306570299?
0
What is the thousands digit of 3194960547?
0
What is the hundred millions digit of 8609169462?
6
What is the billions digit of 4023020084?
4
What is the thousands digit of 5048423488?
3
What is the thousands digit of 7852582660?
2
What is the hundreds digit of 347117322?
3
What is the hundreds digit of 680301719?
7
What is the units digit of 32962033?
3
What is the ten millions digit of 21855173?
2
What is the hundred millions digit of 1136449912?
1
What is the hundred thousands digit of 645321997?
3
What is the hundreds digit of 71177358?
3
What is the units digit of 8999292?
2
What is the units digit of 865709690?
0
What is the units digit of 66070278?
8
What is the hundreds digit of 124191663?
6
What is the millions digit of 1491300968?
1
What is the hundreds digit of 96652525?
5
What is the ten thousands digit of 380342791?
4
What is the units digit of 1990225358?
8
What is the hundred millions digit of 992602662?
9
What is the units digit of 902459554?
4
What is the ten millions digit of 51405053?
5
What is the ten millions digit of 164206016?
6
What is the ten millions digit of 26818568?
2
What is the millions digit of 971237669?
1
What is the m